e number?
True
Let h(a) = -2*a**3 - 5*a**2 + 18*a - 70. Is h(-21) prime?
False
Let i(o) = o**3 + 4*o**2 - 2*o + 8. Let x be i(-5). Let r = -74 - x. Let t = 250 + r. Is t a prime number?
False
Let c = -73 - -64. Is ((-6)/c)/((-12)/(-11214)) prime?
False
Let t be 1/((-27)/18*(-1)/(-5262)). Let m = t + 5163. Is m prime?
False
Let h be 4 - (-12 - (-4 - 0)). Is 4659/12 + h/16 composite?
False
Suppose -3*u - 11646 = -3*y, 0*y - 2*y + 7774 = -4*u. Is y composite?
False
Let s be (4 - (-4)/(-4)) + 0. Suppose -5*t - s*k = 2*k + 795, 5*t = 5*k - 785. Let f = 289 + t. Is f composite?
False
Let d = -12 + 9. Let j be 130 - d/(-1 + -2). Is 1*(4 + j - 2) a composite number?
False
Suppose -b + 23 + 20 = 2*f, -f + 24 = -2*b. Suppose 2*i = -2*z + 78, 0 = z - i - 9 - f. Is z a prime number?
False
Suppose 3*d - d - 2 = 0. Let y be (d/(-1))/((-4)/(-24)). Let t(m) = 4*m**2 - 7*m + 5. Is t(y) prime?
True
Suppose -1 = 4*o - 9. Suppose -c + 1063 = -4*y, y - o = -4. Is c composite?
True
Let j(l) = l**3 - 26*l**2 - 42*l + 52. Is j(33) a composite number?
True
Suppose -5*d + 0*d = -2*b - 4587, -4*b = -4*d + 3660. Is d composite?
False
Suppose 0 = 7*u - 21*u + 65842. Is u a prime number?
True
Let h(d) = 247*d + 40. Is h(21) composite?
False
Suppose 120 = -4*z + 2*k, -150 = 5*z - 0*k - 4*k. Let n = -23 - z. Is (-264 - n)/(3/(-3)) composite?
False
Let y = 659 + -135. Suppose 11*q - 7*q = y. Is q composite?
False
Let m(k) be the first derivative of 41*k**2 - 3*k - 3. Is m(2) a prime number?
False
Let o(s) = 708*s - 89. Is o(17) prime?
False
Let d = 24 + -24. Suppose -489 = -d*f - 3*f. Is f a composite number?
False
Suppose -704*u = -697*u - 113393. Is u a composite number?
True
Is (3853395/(-14))/(-9) + 9/(-6) composite?
True
Suppose 6206 + 6688 = 6*z. Is z a prime number?
False
Suppose 6*i - 5 = i. Is 2/(5 - i)*142 prime?
True
Let j(v) = v**3 + 12*v**2 + 10*v - 4. Let u be j(-11). Is (-1776)/(-14) + 1/u prime?
True
Suppose -5*s = 2*b + 19 + 5, -s - 9 = -b. Let k be 20/s*(11 - -235). Let n = 2219 + k. Is n a composite number?
False
Let c(v) = -219*v**2 - v + 7. Let z be c(2). Let i = 1742 + z. Is i prime?
False
Let a = -1831 + 3192. Suppose -3*s - 1333 = -j, 0*j + j + 4*s = a. Is j a prime number?
False
Let p = -48 + 19. Let f be 64 - 2 - (-2 + -2). Let x = p + f. Is x a composite number?
False
Let p be (-52)/(-10) + (-1)/5. Suppose -p*y = y - 1578. Is y prime?
True
Let f(y) = -y**3 + 33*y**2 + 112*y + 23. Is f(-27) a composite number?
False
Let a(r) = 181*r - 101. Is a(22) a prime number?
True
Suppose 6*l - 659 = -2*o + 3*l, 5*l = 3*o - 979. Suppose o = 4*k - 388. Is k composite?
False
Is 7/(-63) + (-128152)/(-9) composite?
True
Let n = 7 - -7. Let x(f) = -2*f - 51. Let w be x(-20). Let b = w + n. Is b a composite number?
False
Suppose 0 = 5*f + 3*w + w + 2907, -3*f + 2*w = 1753. Let v be 2/4*2*f. Let b = v - -1322. Is b a composite number?
False
Let n(c) = -2*c**2 - 12*c - 10. Let u(w) = -w**2 - w. Let a(d) = n(d) - u(d). Let r be a(-10). Suppose -5*p - 2*j + 113 = -j, p - 4*j - 10 = r. Is p prime?
False
Suppose -n + 1 = 0, 9*f - 197571 = 6*f - 6*n. Is f prime?
False
Suppose -688767 - 684537 = -24*k. Is k a prime number?
True
Let k(s) = s**3 + 6*s**2 + 3*s - 5. Let t be k(-5). Let p(z) = -7*z + 7*z - 3*z - t - 9*z. Is p(-7) composite?
False
Let s = 34 + -58. Is 10/(-3)*1476/s a composite number?
True
Is (6 + -4877)/(0 + (2 - 3)) composite?
False
Let v(g) = 41*g + 2. Let t be v(2). Let u be 1/(-5) + (-728)/10. Let b = t - u. Is b composite?
False
Is (1/(-2) - 6)*(-844)/2 composite?
True
Let d(l) = l**2 - 16*l + 13. Suppose 4*u - 75 = 5*x, -7*x - 9 = -4*x. Let m be d(u). Is (-5 - -266) + (-4)/m prime?
True
Let c(u) = -u - 9. Let q be c(-14). Suppose j + q*m = 2706 + 3226, -5*j + 5*m + 29690 = 0. Let d = j + -2500. Is d a prime number?
False
Let t(g) = -99*g**3 + 52*g**3 + 52*g**3 - 5*g**2 + 0*g**2 - 3 + g. Is t(5) a composite number?
True
Let f = -27 + 29. Let b be f/8 + 164/(-16). Let h = b - -49. Is h a composite number?
True
Suppose -4*r = -1348 - 28768. Is r prime?
True
Is (-530)/(-20)*(-5 + 9) prime?
False
Let o be 3*2/21 - (-3160)/14. Let g = 85 + o. Is g a prime number?
True
Let h(p) = 4*p**2 + 11 + 1067*p + 2*p**2 - 1064*p - 9*p**3. Is h(-7) a composite number?
False
Suppose 0 = 2*v + 4, -3*v = -4*j - 11 + 29. Suppose 7*w - j*w - 1508 = 0. Is w a prime number?
False
Suppose -16 = 2*z + 14. Let j(x) = -65*x + 20. Is j(z) a composite number?
True
Suppose 3*w + 3*n - 873 = 0, w + 3*n + 19 - 320 = 0. Suppose -3*v + 0*y + y + w = 0, -y + 296 = 3*v. Is v a prime number?
True
Let q = 1304 + 319. Is q composite?
True
Is 2/13 + (-5)/260*-151988 a prime number?
False
Suppose 3*d - q - 55297 = 0, -4*d = -0*d + 4*q - 73708. Is d composite?
True
Let b(p) = -p**3 - p**2 + 2*p + 1. Let f be b(-2). Let n(v) = 21*v**2 - v. Let u be n(f). Suppose 192 = 4*m - u. Is m composite?
False
Let u(k) = 12*k - 137. Is u(33) prime?
False
Suppose 13 = 5*j + 3, 0 = -5*w + 3*j + 39. Suppose -w*h + 8*h + 83 = 0. Is h a composite number?
False
Suppose -86*l + 87*l = -3*a + 23917, 2*l = 4*a + 47874. Is l composite?
False
Suppose 6*q + 81 - 27 = 0. Is -9926*(q/2 - -4) prime?
False
Let h(k) = k**2 - k - 1. Suppose 6*m = 3*m - 9. Let x = 1 - m. Is h(x) a composite number?
False
Let u(d) = 153*d + 21. Let s(g) = 77*g + 10. Let k(o) = -5*s(o) + 3*u(o). Is k(14) composite?
False
Let i(c) = c**3 - 4*c**2 + 2*c - 13. Let r be i(4). Let s be -4 + 1 - (r - 9). Suppose -3*h - s = 5*z, 5*h - 19 = -0*z + z. Is h prime?
True
Let g = 68822 + -35935. Is g a composite number?
False
Let n(m) = -245*m + 34. Suppose -2*w - 15 = -h, 4*w + w + 2*h + 15 = 0. Is n(w) composite?
False
Suppose 181 = 7*x - 862. Is x composite?
False
Let h(w) = -4*w**3 - 3*w**2 - 5*w + 8. Suppose 3*x + 22 = -2*s, 3*x - x + 3*s + 18 = 0. Is h(x) prime?
False
Suppose 4*l - 2*w + 20 = 0, -2*l + 4*w - 19 = 3*l. Let h be ((-16)/(-28))/((-2)/l). Suppose 0*v = -5*b - 3*v + 313, -2*v = h*b - 122. Is b a prime number?
False
Suppose -4*a - 5*j - 51 = 8, 4*a - 2*j + 66 = 0. Let g(v) = -v**3 - 14*v**2 - 12*v + 14. Is g(a) composite?
True
Let f = 12834 + -3323. Is f prime?
True
Let a(u) = -u**2 + 5*u - 2. Let z be a(4). Suppose z*c + 2*c = g + 15, -2*c = 2*g - 20. Suppose -c*f + 7*f = 118. Is f a composite number?
False
Suppose -18 = 7*g + 80. Is 4/g + -4 + 40435/35 prime?
True
Suppose 2*k = 2*d + 2*d - 20, -5*d + 20 = 0. Is 79781/91 + k/(-7) a composite number?
False
Let l = -5295 - -25828. Is l a composite number?
False
Suppose -2*v - 6 = 5*t, 4*v - 3 = -2*t + 5*v. Suppose -f - 3*c = -57 - 79, 2*f - 2*c - 296 = t. Is f composite?
True
Is -4 - (0 + 18836)/(-4) a composite number?
True
Is (-1)/4 - (-15)/(-4) - -7997 composite?
False
Suppose -2711 = -p + 14392. Is p a prime number?
False
Let v(i) = 3*i - 3. Let s be v(3). Let y(u) = -s + 0*u + 1 - u**2 + 2*u + 5*u. Is y(4) a composite number?
False
Let g be (-1)/3 - 122/3. Let t be -28 + 4*4/16. Let j = t - g. Is j a composite number?
True
Let u = -5 - -3. Is u*-1*(-9)/(-6) a prime number?
True
Let f be 0 + (-2 + 5)/(7/35). Suppose -y = -f + 2. Is y prime?
True
Let j(l) = 17*l**2 - 40*l - 146. Is j(-21) a prime number?
True
Suppose 0 = -s - 0 - 3. Is 4*663/6 - (2 + s) a prime number?
True
Let j(f) = 641*f**2 + 8*f + 34. Is j(-7) a prime number?
True
Let a be 21/(-126) + 2/12. Suppose a = 16*q - 17*q + 889. Is q composite?
True
Let x(r) = -4 + 632*r**2 - 2*r - 4*r + 5*r + 2. Is x(-1) prime?
True
Let b = -1669 + 633. Let c = -437 - b. Is c a composite number?
False
Let g(p) = 2587*p + 1. Let q be g(1). Suppose -5*o - 3872 = -s, -4*o - 2*s - q = 504. Let j = -455 - o. Is j a prime number?
False
Suppose -4*f - 28 + 36 = 0. Let i(r) = 9 - 2 + r - 8 + 8*r**3 - 3*r**2. Is i(f) a prime number?
True
Let j = 5 - 1. Suppose -4*n = -4*x + j, -x + 5*x = -4*n + 36. Suppose 5*o - b - 120 = n*b, -o + 2*b = -27. Is o a composite number?
True
Let a = -116 + 21. Let g = a - -118. Is g prime?
True
Suppose 4*b - 12 - 6 = -2*f, -2*b + 3*f = 3. Let t be 5/3 - b/(-9). Is (-3 - -1) + t + 221 a composite number?
True
Suppose 9*m - 37636 = -4705. Is m a composite number?
False
Let p = -5715 - -30152. Is p a prime number?
False
Suppose 0*l = 3*r - l - 842, -5*l - 10 = 0. Suppose -3*v + b + r = v, -3*b = -4*v + 272. Is v prime?
True
